der when 528235 is divided by 75461.
8
What is the remainder when 157398 is divided by 753?
21
What is the remainder when 884351 is divided by 448?
447
What is the remainder when 4766635 is divided by 11376?
91
What is the remainder when 98254857 is divided by 110?
107
What is the remainder when 677465 is divided by 4640?
25
What is the remainder when 30307075 is divided by 3788380?
35
Calculate the remainder when 23564 is divided by 11630.
304
Calculate the remainder when 478334 is divided by 990.
164
What is the remainder when 5113199 is divided by 879?
56
What is the remainder when 16557872 is divided by 236541?
2
Calculate the remainder when 2849827 is divided by 4197.
64
What is the remainder when 228448 is divided by 2657?
2603
Calculate the remainder when 558253 is divided by 80.
13
Calculate the remainder when 1017320 is divided by 63.
59
What is the remainder when 582839 is divided by 10258?
8391
What is the remainder when 1533030 is divided by 75?
30
Calculate the remainder when 618440 is divided by 309211.
18
Calculate the remainder when 97932 is divided by 8108.
636
Calculate the remainder when 78866389 is divided by 28.
21
Calculate the remainder when 4019745 is divided by 4.
1
What is the remainder when 4691867 is divided by 596?
155
What is the remainder when 851589638 is divided by 937?
936
What is the remainder when 11187902 is divided by 33?
11
What is the remainder when 1045964 is divided by 3776?
12
Calculate the remainder when 9842451 is divided by 153788.
19
Calculate the remainder when 10828678 is divided by 91.
42
What is the remainder when 340935 is divided by 1309?
595
Calculate the remainder when 1156288 is divided by 33007.
1043
What is the remainder when 15394540 is divided by 641438?
28
Calculate the remainder when 5138025 is divided by 324.
33
What is the remainder when 7265426 is divided by 27009?
5
What is the remainder when 178318703 is divided by 5403597?
2
What is the remainder when 167287 is divided by 70?
57
What is the remainder when 2927031 is divided by 455?
16
What is the remainder when 33106269 is divided by 5844?
9
What is the remainder when 320951 is divided by 6823?
270
Calculate the remainder when 35910 is divided by 17396.
1118
Calculate the remainder when 8662 is divided by 141.
61
Calculate the remainder when 4461439 is divided by 1115246.
455
What is the remainder when 307346 is divided by 305200?
2146
What is the remainder when 2289821 is divided by 122?
3
What is the remainder when 484966936 is divided by 13?
12
What is the remainder when 81461 is divided by 7351?
600
What is the remainder when 158294002 is divided by 1012?
1010
What is the remainder when 22060313 is divided by 23124?
17
Calculate the remainder when 7554865 is divided by 7570.
5
What is the remainder when 1891372 is divided by 277?
16
What is the remainder when 3186357 is divided by 954?
951
What is the remainder when 466379 is divided by 3171?
242
What is the remainder when 4374576 is divided by 4524?
4392
What is the remainder when 2288437 is divided by 2901?
2449
Calculate the remainder when 6582191 is divided by 1715.
21
Calculate the remainder when 31411941 is divided by 189.
141
What is the remainder when 3555205 is divided by 254?
221
Calculate the remainder when 50075 is divided by 9522.
2465
Calculate the remainder when 373200 is divided by 123275.
3375
What is the remainder when 102200 is divided by 102026?
174
Calculate the remainder when 233434391 is divided by 2599.
8
Calculate the remainder when 25148525 is divided by 190519.
17
Calculate the remainder when 3278324 is divided by 62.
12
Calculate the remainder when 60461 is divided by 1034.
489
What is the remainder when 475955 is divided by 237842?
271
What is the remainder when 284858 is divided by 71076?
554
What is the remainder when 320115 is divided by 11528?
8859
What is the remainder when 4919380 is divided by 721?
718
Calculate the remainder when 1714218 is divided by 237.
234
What is the remainder when 13079619 is divided by 604?
603
What is the remainder when 214897 is divided by 2529?
2461
Calculate the remainder when 451633 is divided by 150498.
139
What is the remainder when 388859 is divided by 12511?
1018
Calculate the remainder when 1025437 is divided by 65.
62
What is the remainder when 53832614 is divided by 2085?
2084
Calculate the remainder when 2839187 is divided by 1884.
1883
Calculate the remainder when 103010 is divided by 136.
58
What is the remainder when 215590 is divided by 107761?
68
Calculate the remainder when 1093294 is divided by 144.
46
What is the remainder when 6540 is divided by 1310?
1300
Calculate the remainder when 1630427 is divided by 108694.
17
What is the remainder when 1621473 is divided by 810736?
1
Calculate the remainder when 46748170 is divided by 84.
70
What is the remainder when 384160 is divided by 192056?
48
Calculate the remainder when 123944 is divided by 123791.
153
Calculate the remainder when 73875537 is divided by 4681.
4676
What is the remainder when 5382014 is divided by 256284?
50
Calculate the remainder when 1275656 is divided by 53.
52
What is the remainder when 79468 is divided by 15772?
608
What is the remainder when 927957 is divided by 9435?
3327
What is the remainder when 5715462 is divided by 13?
12
Calculate the remainder when 51068201 is divided by 268.
265
Calculate the remainder when 3366308 is divided by 31.
18
Calculate the remainder when 5307060 is divided by 220.
0
What is the remainder when 17865 is divided by 5413?
1626
Calculate the remainder when 31069 is divided by 34.
27
What is the remainder when 1308368 is divided by 874?
864
Calculate the remainder when 231053 is divided by 2355.
263
Calculate the remainder when 4681 is divided by 2162.
357
What is the remainder when 837011 is divided by 478?
33
What is the remainder when 163387 is divided by 305?
212
Calculate the remainder when 218099 is divided by 31069.
616
Calculate the remainder when 175866 is divided by 5326.
108
What is the remainder when 168236860 is divided by 51?
49
Calculate the remainder when 1468875644 is divided by 128.
124
Calculate the remainder when 18528783 is divided by 37.
34
Calculate the remainder when 7321774 is divided by 1698.
1696
Calculate the remainder when 1234371 is divided by 1352.
1347
Calculate the remainder when 5184491 is divided by 1036898.
1
Calculate the remainder when 56890 is divided by 1800.
1090
What is the remainder when 432030 is divided by 1137?
1107
What is the remainder when 43837 is divided by 767?
118
Calculate the remainder when 707055 is divided by 353356.
343
Calculate the remainder when 31443179 is divided by 268745.
14
What is the remainder when 1337627 is divided by 2927?
2915
What is the remainder when 26301938 is divided by 3847?
3846
What is the remainder when 321835 is divided by 109?
67
What is the remainder when 608830 is divided by 4766?
3548
Calculate the remainder when 238301 is divided by 22.
19
What is the remainder when 167150 is divided by 55094?
1868
What is the remainder when 100051 is divided by 5265?
16
What is the remainder when 1745290 is divided by 98?
8
Calculate the remainder when 34761755 is divided by 1760.
1755
Calculate the remainder when 237280 is divided by 6495.
3460
What is the remainder when 15095348 is divided by 811?
205
Calculate the remainder when 8379558 is divided by 818.
784
Calculate the remainder when 833085 is divided by 57.
30
Calculate the remainder when 93830827 is divided by 52.
51
What is the remainder when 65092 is divided by 10834?
88
What is the remainder when 150690 is divided by 5219?
4558
Calculate the remainder when 6059352 is divided by 62467.
53
What is the remainder when 3058225 is divided by 611643?
10
What is the remainder when 28599820 is divided by 9533263?
31
What is the remainder when 1230965 is divided by 1230914?
51
What is the remainder when 8021088 is divided by 35969?
1
What is the remainder when 545747 is divided by 1665?
1292
What is the remainder when 507904 is divided by 84642?
52
Calculate the remainder when 91113 is divided by 90645.
468
Calculate the remainder when 47485 is divided by 11620.
1005
Calculate the remainder when 314844 is divided by 104945.
9
Calculate the remainder when 1081488 i